 -27. Let t = o + -13. Suppose 1 = -2*b + t. What is the highest common factor of 4 and b?
2
Suppose 8*a = -2056 + 2088. Calculate the greatest common factor of 28 and a.
4
Let c(f) = 14*f + 212. Let b be c(-10). Calculate the highest common factor of b and 8.
8
Suppose -c - 6 = -61. Calculate the highest common divisor of 22 and c.
11
Suppose 0*c - 63 = 3*c. Let d = -13 - c. Calculate the highest common factor of 2 and d.
2
Let c(v) = -v**3 - 9*v**2 + v + 19. Let f be c(-9). Calculate the highest common factor of f and 370.
10
Let r = 9 + 3. Let c be 0 - 3/r*0. Suppose 2*s - 9*s + 28 = c. Calculate the highest common factor of 8 and s.
4
Let s = -15 + 7. Let f be (s/1)/(8/(-32)). Let o = f + -14. What is the highest common divisor of o and 27?
9
Suppose 2*w + 4 - 18 = 0. Calculate the greatest common factor of w and 287.
7
Suppose 3*s = 2*s + 6. Suppose s*v = 41 + 43. Calculate the greatest common divisor of v and 14.
14
Let x(z) = -z**3 + 30*z**2 + 5*z - 22. Let l be x(30). Calculate the greatest common factor of 96 and l.
32
Suppose 3*k + 2*x - 490 = 0, 35*k + x + 165 = 36*k. What is the highest common factor of k and 410?
82
Let v(j) = -8*j**3 + 5*j + 7. Let k be (-1)/(4 + (-33)/9). Let x be v(k). Calculate the greatest common factor of x and 26.
26
Let w = -686 - -1099. Calculate the highest common divisor of w and 21.
7
Let t be (44/(-12) + -1)/(2/(-3)). Calculate the highest common divisor of t and 77.
7
Let i(x) = x**2 + 5*x + 7. Let z be i(-4). Suppose m = -2*g + 16, -z*m + 2*g = -0*g - 32. Suppose j + j = m. Calculate the highest common factor of j and 6.
6
Let t(a) = -a**2 - 8*a - 2. Let g be t(-6). Let d be -32 + 1 + (10 - 6). Let l = -25 - d. Calculate the highest common divisor of g and l.
2
Let w(v) be the third derivative of v**6/120 - v**5/30 - v**4/12 + 2*v**3/3 - 11*v**2. Let f be w(0). Calculate the greatest common divisor of 8 and f.
4
Let a(b) = -2*b - 9. Let t be a(-4). Let q(m) = -5*m**3 - m - 2. Let n be q(t). Let v be 6/(-4)*4/(-3). What is the highest common factor of v and n?
2
Let o(p) = -10*p - 40. Let a be o(-5). Let g be -1 + (-4)/a*(-230)/4. Calculate the greatest common divisor of g and 154.
22
Let n = 21 + -17. Let f be (-30)/(-7)*(n - -3). Suppose 4*s - 51 = 69. What is the greatest common divisor of s and f?
30
Suppose 3*q - 7 = 2*q + 3*z, 4*q + 4*z = -4. Let g be ((-2)/q)/((-1)/2). Calculate the greatest common divisor of 16 and g.
4
Suppose 3*a + 5*u = 4608, 25*a - 20*a + u - 7702 = 0. What is the highest common divisor of a and 23?
23
Suppose -6*i - 8 = -10*i. Suppose -i*f + f = -80. Suppose 3*q + q = f. Calculate the greatest common factor of 40 and q.
20
Let y = -14 - -20. Suppose -36 = y*l - 240. What is the greatest common factor of l and 17?
17
Suppose 2*w - 527 - 49 = 0. Calculate the greatest common factor of 216 and w.
72
Let d = 4 + 3. Suppose -i = 6, -71 = -x - i - 70. What is the greatest common factor of d and x?
7
Let h be 31*(-2)/(-4)*4. Suppose 2*a + 85 = 3*r, 3*r + a = -r + 128. What is the greatest common factor of r and h?
31
Let x = 33 + -35. Let p be 10 + -8 + (x - -39). Suppose 0*b - 5*f = -b + 18, f - 51 = -4*b. What is the highest common factor of p and b?
13
Let j = 2 + 0. Suppose z - 13 = 4*f + 2*z, 11 = -2*f - 5*z. Let a be f/12*j*-12. Calculate the greatest common divisor of a and 42.
6
Let j(n) = 3*n + 5. Let h be j(4). Suppose -h = -b + 7. Let x = -101 - -117. Calculate the highest common divisor of x and b.
8
Let q(k) = -k + 9. Let r be q(6). Suppose -3*j + 4*b + 258 = -2*j, -5*j - r*b + 1198 = 0. What is the greatest common divisor of 22 and j?
22
Suppose 0 = 3*x + 3*j - 18, 2*x - 3 = 2*j - j. Suppose x*c + 417 = -123. Let u be (-16)/(-10)*c/(-2). What is the greatest common factor of u and 16?
16
Let z = -1497 - -1533. Calculate the greatest common divisor of z and 9.
9
Suppose 6*f = -9*f + 1125. What is the highest common divisor of f and 6?
3
Let t = 175 + 437. Calculate the highest common divisor of t and 68.
68
Suppose 386 = 6*l - 220. Suppose 3*h - 3*b = 213, 4*b + 43 = 2*h - l. Calculate the greatest common divisor of h and 14.
14
Suppose -39 = -4*u - 7. Suppose 4*d + 0*r - 464 = -r, u = 2*r. Calculate the greatest common factor of 46 and d.
23
Let g = -15 - -19. Suppose -g*j + 9 + 43 = 0. Calculate the greatest common factor of 13 and j.
13
Suppose -4*f + 20 = f. Let c be (-2835)/(-10)*(-20)/(-6). Suppose j = -f*j + c. What is the highest common factor of j and 21?
21
Let o(a) = -72*a - 27. Let j be o(-1). What is the highest common factor of j and 288?
9
Let d(m) = -m**3 - 14*m**2 + 4*m - 25. Let n be d(-15). Calculate the greatest common divisor of 40 and n.
20
Suppose -b = 4*t - 27, t + t - 41 = 5*b. What is the highest common factor of 13 and t?
1
Let r be 8/(-4) - (-3 + -44). What is the greatest common factor of r and 195?
15
Suppose -t + 12 = 2*t - w, 5*t - 20 = -w. Calculate the highest common divisor of t and 64.
4
Suppose -120 = l - 3*l. Suppose 2*f - 2*n - 56 = 0, 2*f = -2*n - 0*n + l. Let b be (-1 - -112) + -10*3/(-6). Calculate the greatest common divisor of b and f.
29
Let b = 7 + 296. Let s = -156 + b. What is the highest common factor of s and 21?
21
Let y(a) = 4*a + 122. Let i be y(-22). What is the greatest common factor of i and 6?
2
Let v(j) = 2*j**2 - 22*j + 2. Let y be v(18). Suppose -39 = 5*o - y. Calculate the highest common divisor of 129 and o.
43
Suppose 2*m + 0*r = 2*r + 42, 74 = 4*m + r. Let i(x) = x**3 + 4*x**2 - 12*x + 19. Let w be i(-6). What is the greatest common divisor of w and m?
19
Suppose -5*m + 72 = -18. Let q(l) = -45*l. Let f be q(-5). Suppose b + f = 6*b. Calculate the greatest common factor of m and b.
9
Suppose -3*t - 50 = -5*z, -3*z - 11 = 2*t + 16. Let n = t + 18. Calculate the greatest common factor of n and 15.
3
Let m = -184 + 204. Calculate the highest common divisor of m and 25.
5
Suppose 3*y + 2*f = -104, -5*y - 127 = -y + 5*f. Let i = 7 - y. Calculate the highest common divisor of 75 and i.
15
Suppose 0 = -2*s + 3*s - 12. Let p = 12 - s. Suppose -2*b - 3*b + 490 = p. Calculate the greatest common factor of b and 14.
14
Suppose -4*f + 78 + 42 = 0. What is the highest common factor of f and 35?
5
Let r(z) = -84*z - 102. Let c be r(-7). What is the greatest common divisor of c and 2?
2
Suppose -9*u - 1949 = -8735. What is the greatest common factor of 26 and u?
26
Let i be 38 - (2/5)/(1/5). What is the greatest common factor of 324 and i?
36
Let v be ((-39)/(-5))/3 + 4/10. Let p be v/4 - 1608/(-32). What is the greatest common factor of 408 and p?
51
Let y = 203 + -194. What is the highest common divisor of 6 and y?
3
Let m(z) = -2*z**3 - 60*z**2 - 4*z - 113. Let b be m(-30). Calculate the greatest common factor of b and 7.
7
Suppose 2*g - 43 = -3*j, 4*j - 36 - 24 = -2*g. Calculate the highest common factor of 1717 and j.
17
Let q = -2433 + 3859. What is the greatest common divisor of q and 62?
62
Suppose -6*b - 23 - 49 = 0. Let h be b/(-14)*(-28)/(4/(-4)). Calculate the highest common factor of h and 216.
24
Let h = -1704 + 1873. What is the highest common factor of h and 1?
1
Let z(f) = -f**3 - 1 + 5 - 18*f**2 + 2*f**3 + 3*f**2 + 15*f. Let w be z(14). Let o be 48/4*w/8. Calculate the greatest common factor of o and 189.
27
Let j = 11 + -2. Let f = j - -8. Let y = f + 67. Calculate the highest common divisor of y and 21.
21
Suppose 51*d - 21609 = 14244. Calculate the highest common factor of d and 111.
37
Let y = 466 + -458. Calculate the highest common factor of 412 and y.
4
Suppose -6 = 2*w, -5*w + 11 = 3*b + 89. Let g be (-2)/(-6) + b/9. Let l = g - -6. What is the highest common divisor of 16 and l?
4
Suppose -9*w - 440 = -10*w + 4*q, w - q = 428. What is the highest common divisor of 53 and w?
53
Let u = -27 - -188. Suppose -51 + u = 5*v. Let i be 530/6 + (-1)/3. Calculate the highest common divisor of v and i.
22
Let g be 14/(-6)*(18 + -21). Let s = g - -65. Let f = 21 + -12. Calculate the greatest common divisor of s and f.
9
Let z be (-3)/(-1) + (6 - (4 + 1)). What is the greatest common divisor of 6 and z?
2
Let y(p) = 2*p + 8. Let x be y(5). Calculate the highest common factor of x and 126.
18
Let d be (-3)/(-2)*(31 - -17). Calculate the greatest common factor of d and 342.
18
Let s = 428 + -178. Cal